*2 + q - 1. Let v(l) = s(l) - 4*w(l). Give v(f).
-3
Let m(u) = 15 + 13 + 4 - 5 - 3*u + 0. Give m(8).
3
Let c(z) be the third derivative of z**4/24 - z**3 + 346*z**2 + 2*z. What is c(0)?
-6
Let x(z) = 2*z**2 - 4*z + 8. Let s be x(2). Let d(n) = -11*n**2 - 8*n + 3. Let g(y) = 4*y**2 + 3*y - 1. Let c(m) = s*g(m) + 3*d(m). What is c(2)?
-3
Let b(f) = f**2 - 2*f + 1. Let z be 0/(-2)*(-2 + 1). Determine b(z).
1
Let y(k) = -21 + 16 - 10*k + 9*k. What is y(-15)?
10
Let i = 134 - 130. Let u(f) = -f + 1. Let p(n) = -2 - 2*n + 14 - 3*n. Let g(t) = i*u(t) - p(t). What is g(0)?
-8
Let c = 7 + -5. Suppose -c*p = -5*p - 18. Let f(r) = -15*r - 9. Let d(s) = -7*s - 4. Let z(u) = 13*d(u) - 6*f(u). Give z(p).
8
Let v(s) = 3648*s - 1818*s - 1814*s - 12. Determine v(5).
68
Let p = -237 + 337. Let d = 95 - p. Let v(u) = u**3 + 4*u**2 - 4*u + 6. What is v(d)?
1
Let d(s) = 4*s + 4 + 0*s - 2*s - 7. Let q(f) = 2*f**3 - f**2 - 24*f - 7. Let a be q(-3). Determine d(a).
1
Let d(q) = -q**3 + 6*q**2 - 2*q + 14. Let v be d(6). Let l(f) = -1 - 8 - v*f + 6. Determine l(3).
-9
Suppose 0 = -2*m + 3*g - 5, -m + 3*g - 11 = -2*m. Let j(s) = 2*s - 3*s - 2*s - 4 + 7. Determine j(m).
-3
Let p(x) be the first derivative of x**2/2 - 8*x + 3. Let s(y) = -1. Let a(m) = -2*p(m) + 6*s(m). Give a(8).
-6
Let u = 35 + -32. Suppose -7*w + u*w + 20 = 0. Let t(n) = n**2 - 5*n + 6. What is t(w)?
6
Let y(h) = -2*h**3 - 18*h**2 - 6*h. Let b(g) = -g**3 - 9*g**2 - 3*g. Let c(d) = -5*b(d) + 3*y(d). Give c(-9).
27
Let f(n) = -2*n. Suppose -13*j - 29 = 75. What is f(j)?
16
Let o(z) = -3*z**3 + z**3 - 439 + 433 + 5*z - 5*z**2 + 3*z**3. Calculate o(4).
-2
Let s(u) be the first derivative of u**3/3 - 11*u**2/2 - 3*u + 141. What is s(9)?
-21
Let f be ((-42)/224)/(18/(-4)). Let o(t) be the third derivative of 0*t + 1/6*t**3 - 1/15*t**5 + t**2 + 0 - f*t**4 + 1/120*t**6. Calculate o(2).
-9
Suppose 31*n = 33*n - 2. Let p(h) = n + 5 - 10 + 1 + h**2 + 3*h. Calculate p(-4).
1
Let v(o) be the second derivative of -5*o**3/6 + 3*o**2/2 - o. Let i(n) = -n**2 + 18*n - 13. Suppose -190 = -11*y - 3. Let c be i(y). Give v(c).
-17
Let v(l) = 4*l**3 - 1 - 18*l**2 - 9*l**2 - 5*l**3 + 18*l**2. Give v(-9).
-1
Let t(b) = b**2 + 6*b. Let d(j) = -2*j**2 - 13*j. Let p(f) = 2*d(f) + 5*t(f). Determine p(-6).
12
Let y(u) = u**3 - 6*u**2 + 7*u. Suppose 0*g - 3*g + 6 = -3*s, 0 = -5*s - 2*g - 38. Let l = s - -11. Suppose l*v = -3*c + 40, 2*c + 7 = 4*v - 3. Give y(c).
10
Let r(k) = 3*k**2 - 12*k + 8. Let j(y) = -y**2 + 4*y - 3. Suppose 6*i - 5*i + 11 = 0. Let l(h) = i*j(h) - 4*r(h). Let m be 10/(-3)*18/(-12). Determine l(m).
-4
Let r(h) = 58*h**2 + 21*h - 7. Let x(o) = 32*o**2 + 11*o - 4. Let t(v) = -6*r(v) + 11*x(v). Determine t(2).
4
Let u(w) be the third derivative of w**7/5040 + w**6/120 + 11*w**5/30 + w**2. Let h(p) be the third derivative of u(p). Give h(-4).
2
Suppose 9*i = 2*i + 49. Let m(d) = -4*d + d - 2*d + i*d. Give m(-6).
-12
Let t(b) = 3 + 5*b - 4 - 17*b**2 + 11*b**2 + 7*b**2. Calculate t(-7).
13
Let l = -207 - -196. Let w(d) = d + 5. Calculate w(l).
-6
Let w(b) = -15*b + 3. Let q be w(3). Let r = q + 40. Let f(n) be the second derivative of -n**5/20 + n**3/3 + n. Determine f(r).
4
Let d(r) = -r + 8. Let t be 1 + -1 + ((-16)/(-2) - 4). Suppose 2*y - 8 = 2*n, -3*n = 4*y - t*n - 22. What is d(y)?
2
Let x(s) = 2*s**2 - 8*s - 278. Let r be x(-10). Let c(o) be the second derivative of -7*o**3/6 + o**2/2 - o. Determine c(r).
-13
Let h(y) be the third derivative of -y**5/60 - 5*y**4/24 + 5*y**3/3 - 19*y**2 - 2*y. Let a be (-6 - -4) + 3 - 8. What is h(a)?
-4
Let r(x) = 7*x + 9. Let n(p) = 44*p + 482. Let g be n(-11). What is r(g)?
-5
Let y(h) = h**3 + 3*h**2 - 4*h + 5. Let w be (-2)/(0 + 1/10). Let z = w + 15. Give y(z).
-25
Let i(d) be the second derivative of d**5/20 + 5*d**4/12 - 4*d**3/3 + 5*d**2/2 - 59*d - 3. Determine i(-6).
17
Let n(o) = -9*o**2 - 28*o - 13. Let q(h) = 5*h**2 + 15*h + 8. Let c(v) = 3*n(v) + 5*q(v). Calculate c(-4).
5
Let f(c) = c**2 - 6*c - 1. Let m(x) = -x**3 + 1. Let b be m(-2). Calculate f(b).
26
Suppose 0 = -459*p + 455*p - 4. Suppose 2*b - 1 = -3*c, 2*c = 6*c - 2*b - 6. Let l(n) = 1 + c + 10*n - 1. Give l(p).
-9
Let m(s) be the third derivative of -s**5/120 - 7*s**4/24 - 5*s**3/6 + 26*s**2. Let v(w) be the first derivative of m(w). Calculate v(-3).
-4
Let v be (-3 - (-32)/2) + -1. Suppose -b = 3*b - v. Let n(s) be the first derivative of -s**4/4 + 4*s**3/3 - 2*s**2 - s - 3. What is n(b)?
-4
Let j(b) be the third derivative of -3*b**2 - 3/10*b**5 - 1/6*b**3 + 0*b + 0*b**4 + 0. Give j(-1).
-19
Let h(c) = 198*c - 416*c + 1 + 219*c. Suppose -8 = 3*q + q. Determine h(q).
-1
Let h(a) = -3*a - 7. Let c(j) be the second derivative of -j**3 - 7*j**2 - 17*j. Let b(s) = -3*c(s) + 7*h(s). Give b(-6).
11
Let l(d) be the third derivative of -d**5/60 + 5*d**3/2 - 82*d**2. Give l(0).
15
Let f be (-2*5/(-4))/(108/216). Let p(q) = -4 + 2 + 1. Let z(o) = o + 1. Let x(b) = f*p(b) + z(b). What is x(5)?
1
Let g(t) be the first derivative of -t**5/60 + t**4/8 + 2*t**3/3 + t**2 + 12*t + 17. Let q(y) be the second derivative of g(y). Determine q(3).
4
Let k(t) = -3*t**2 - t - 1. Let b(x) = 7*x**2 - 11*x + 26. Let l(v) = -b(v) - 2*k(v). Give l(10).
6
Let a(z) = -z + 5. Let y be 27/6*2/3. Suppose -4*g - 44 = -4*h, 4*h - 14 - 21 = y*g. Let s = g + 13. What is a(s)?
1
Let h = -28 + 20. Let i be (-2)/h + 35/20. Let n(f) = 3*f**2 - 3*f + 1. What is n(i)?
7
Let m(u) be the third derivative of -u**4/8 - 19*u**3/6 + 338*u**2. Calculate m(-8).
5
Let k(d) = d - 17. Suppose 0 = -0*i - 10*i + 230. Let v be k(i). Let h(j) = 0*j - 3 - 2*j - 4*j**3 + 6*j**2 + 3*j**3. What is h(v)?
-15
Let x(g) = -g**2 + 9 - 2*g + g - g**3 - 4. Suppose 4*h - 3*i = 11, -2*i = -2*h - h + 8. Suppose h*p = 7*p. Calculate x(p).
5
Let w(q) = 4*q - 1 - 2*q + q**2 - q. Let l(i) = i**2 + 17*i - 12. Let z be l(-18). Let a be z/(-12)*((-6)/3 + 8). Give w(a).
5
Suppose 50 = -4*u - u. Let z = -10 - u. Let h(p) = -14 + 7 - p + z*p. Determine h(-7).
0
Let t be (7 + -2)*15/25. Let x(n) = n**2 - 1 + 6 + n - 4 - n**3 - n**t. What is x(2)?
-9
Let i be 3 + 3*(-4)/12. Suppose -i*j - 6 = -j. Let g(x) = x**3 + 5*x**2 - 5*x + 5. Determine g(j).
-1
Let j(y) = 5*y**2 - 8*y + 5. Let n(u) = 11*u**2 - 16*u + 10. Let c(h) = 13*j(h) - 6*n(h). Let q(b) = b - 30. Let r be q(21). Give c(r).
-4
Let b(x) be the second derivative of x**4/12 - 5*x**3/6 + x**2 + x - 31. Calculate b(2).
-4
Let i(x) = -101*x**2 - 99*x**2 - 5*x - 4 + 197*x**2 + 0. Determine i(-3).
-16
Let l(z) = 2*z + 4. Let v = -37 - -34. Let y(p) = -p - 7. Let r be y(v). Give l(r).
-4
Let m(j) be the second derivative of 0 + 1/120*j**5 + 1/3*j**3 + 0*j**2 + j + 5/24*j**4. Let q(r) be the second derivative of m(r). Give q(-5).
0
Let p(t) = -2*t**3 - 13*t**2 - 4*t + 16. Suppose 12 = -v + 2*n, -2*v - 27 = -0*n - 5*n. Calculate p(v).
4
Let a = -104 - -106. Let u be -3 - (4 - -1 - a). Let h(p) = -2*p - 9. Give h(u).
3
Suppose 0 = -p - c + 28, 9*c - 5*c = -5*p + 136. Let o(w) = -p*w + 53*w - 31*w + 3. Calculate o(2).
-1
Let v(s) = -s + 10. Let a(y) = -1 + 6*y - 5*y - 8. Let d(l) = -6*a(l) - 5*v(l). Let t(w) = w**3 + 5*w**2 + 4*w. Let b be t(-3). Determine d(b).
-2
Let o(h) be the first derivative of h**2 + 11*h + 115. What is o(-8)?
-5
Let y(q) = q**3 - 4*q**2 + 2*q + 4. Let j(a) = 4*a**2 + 14*a - 93. Let k be j(-7). What is y(k)?
39
Let b(o) be the first derivative of 2*o**3 + o + 1. Let t = 3140 - 3141. Determine b(t).
7
Let n(g) = 13 - 8 - 5 + 7*g - 1. Let m(v) = v**2 + 11*v - 11. Let j = -19 + 7. Let q be m(j). What is n(q)?
6
Let l(c) = -2*c - 4 - 3*c + 12 + c**3 + 4*c - 10*c**2. Calculate l(10).
-2
Let i(u) = -9*u**3 - 4*u**2 + 13. Let p(g) = -63*g**3 - 29*g**2 - g + 98. Let v(w) = 15*i(w) - 2*p(w). Give v(1).
-10
Let z(p) = -p**3 + 5*p**2 - 6*p + 14. Let h(l) = -l**3 + 5*l**2 - 5*l + 12. Let t(w) = -3*h(w) + 2*z(w). Calculate t(6).
46
Let x = -1 - -14. Let s = -11 + x. Let l be ((-2)/3)/(s/(-15)). Let u(z) = -z**3 + 6*z**2 - 3*z - 3. What is u(l)?
7
Suppose -80 = -4*q - q. Let r = 16 - q. Let j be -5 - (r + 1 - 3). Let z(c) = -c. Determine z(j).
3
Let v(m) = m**3 - m + 2. Suppose -3*h - 2 + 5 = -u, 0 = -2*u + 5*h - 6. Let n be u*(8/(-2) - -2). Suppose 2*y - 8 = n*y. What is v(y)?
-4
Let g(v) = -v + 2. Let r(a) = -a. Let f(k) = -